3). What are the prime factors of (-1293)/(-21) + (33/j - -2)?
2, 31
Let j = 409 + -193. What are the prime factors of j - (1 + (-15)/5)?
2, 109
Let w(x) = 22*x**2 - 23*x - 378. Let m be w(34). Suppose 21*n - m = 5*n. List the prime factors of n.
37, 41
Let c(f) be the first derivative of 13*f**6/30 + f**5/20 - 7*f**4/24 - f**3 + 21. Let a(u) be the third derivative of c(u). What are the prime factors of a(1)?
5, 31
Let h(v) = 299*v**2 - 131*v + 93. What are the prime factors of h(6)?
3, 373
Suppose -128448 = -35*s + 22*s - 11*s. List the prime factors of s.
2, 3, 223
List the prime factors of 1163379/231 + (-3)/11.
2, 1259
Suppose -3*m - 2443 = 2546. Let f = -1162 - m. What are the prime factors of f?
3, 167
Let n = 5792 - 2437. List the prime factors of n.
5, 11, 61
Let i be (-70)/21*(-12)/10. Suppose 1 = -i*x + 161. List the prime factors of 1*83 + x/(-10).
79
Let s be 5792/6 + (-16 - 400/(-24)). List the prime factors of 2/7 + (-23)/(s/(-7128)).
2, 5, 17
Let w(f) = -f**3 + 11*f**2 - 9*f - 5. Let n be w(10). Suppose 0*r + n*r - 2*r = 0. Let c(m) = -m**3 - m**2 - m + 31. What are the prime factors of c(r)?
31
Let d(r) = -r**2 + 2*r + 2279. List the prime factors of d(40).
3, 11, 23
Suppose 6*f - 99800 = 11*f. List the prime factors of (-2)/9 + f/(-72).
277
Suppose 172*d = 210512 + 348832. List the prime factors of d.
2, 3, 271
Suppose k - 17832 = f, -146*k + 35667 = -144*k - 3*f. What are the prime factors of k?
3, 7, 283
Let y = 90680 - 42655. What are the prime factors of y?
5, 17, 113
Let o(k) = -319*k - 1184. List the prime factors of o(-9).
7, 241
List the prime factors of (-1)/(5/15) + 65988/6.
3, 5, 733
List the prime factors of 6*1 + (-16 + 39 - -29846).
5, 239
Let q(o) = 26*o**2 - 35*o - 63. Let c be q(-4). Let d(f) = -44*f + 1. Let a be d(-3). Suppose 2*j + a = c. List the prime factors of j.
2, 3, 5
Suppose 4314*o = 4313*o + 167. What are the prime factors of o?
167
Let w = -186 + 174. What are the prime factors of 1/3 - 4076/w?
2, 5, 17
Let w be (3/(-2) + -4 + 5)*-8. Let j(b) = 75*b - 29. What are the prime factors of j(w)?
271
Let i = 380 - -78. Let x = i - 201. What are the prime factors of x?
257
Suppose 0 = 3*g - 9, -45*a + 40*a + 2*g = -144. Suppose -14 = -5*y + 1. Suppose -5*n - 4*j + 39 = -a, 5*j + 71 = y*n. List the prime factors of n.
17
Suppose 0 = -5*w + 3*w + 590. Suppose 3*v = -11*s + 9*s + 563, -s + 3*v = -w. What are the prime factors of s?
2, 11, 13
Let w be ((-45)/(-75))/((-1)/(-5) + 0). Suppose 315 + 18 = w*l. Suppose -2*y + 173 = -o, 2*y - 57 = 2*o + l. List the prime factors of y.
89
Suppose 5*u + 35 = 5*n, -6 = -2*u + 2*n - 4*n. What are the prime factors of (((-8056)/6)/u)/(48/72)?
19, 53
Let o = 69661 + 3198. What are the prime factors of o?
72859
Suppose 19*f - 173263 = -9*f + 1261. List the prime factors of f.
23, 271
Let p(k) = -212*k**3 + 96*k**2 - 23*k - 110. List the prime factors of p(-5).
3, 5, 41, 47
Suppose -10*t + 51 + 39 = 0. Let j(k) = 110*k - 18. List the prime factors of j(t).
2, 3
Let r(k) = k**3 + 4*k**2 + 2*k - 1. Let q be r(-2). Suppose 44 = -4*y + q*m, -33 = 4*y + 3*m + 11. List the prime factors of 129*1 - y/(-11).
2
Let q(b) = 8*b - 15. Let u be q(14). Let g be 1/2 - (-9)/6 - 63. Let d = g + u. What are the prime factors of d?
2, 3
Let m = 12703 + -6598. List the prime factors of m.
3, 5, 11, 37
Let t = -55 + 457. Suppose -t = -4*g + 5*w, -14*g + 11*g + 307 = -w. What are the prime factors of g?
103
Suppose 23*t = 29*t - 15072. List the prime factors of t.
2, 157
Let f = -1003 - -1001. What are the prime factors of f - 548*63/(-18)?
2, 479
Let d(h) = 20*h - 24 - 9 - 36 - 4 - 137*h. List the prime factors of d(-8).
863
Let o(n) = -42*n - 185. Suppose 0 = 16*c - 15*c + 16. What are the prime factors of o(c)?
487
Let t be (77/22)/(2/12). What are the prime factors of ((-14)/t)/(4/(-30)) - -1065?
2, 5, 107
Let g(o) = 2*o**3 + 11*o**2 + 5*o + 1. Let d be g(-5). Suppose d = 5*p + 21. What are the prime factors of p/(-6)*(-1 - (-2373)/6)?
263
Suppose 15*a + 28441 + 45505 = 667106. List the prime factors of a.
2, 4943
Suppose 0 = -316*z + 320*z - 1912. Let k = 800 - z. List the prime factors of k.
2, 7, 23
Let i be 4/(-6)*(-15)/10*94. Suppose -13 = -s + i. Let u = s + -78. What are the prime factors of u?
29
Suppose 4*d - 20 = 0, 8*u + 4*d - 20 = 3*u. Suppose -5*a = u, 4*r + a - 3*a = 2020. What are the prime factors of r?
5, 101
Let r = 232000 + -163115. What are the prime factors of r?
5, 23, 599
Let k(s) = 92*s + 79. Let n be k(16). Suppose 5*l + b - n = 92, l - 331 = -b. What are the prime factors of l?
2, 41
Let o = -20 + 36. Let d(q) = 13*q - q**2 - 15*q + 22*q - 10. List the prime factors of d(o).
2, 3
Suppose 3*b = r - 22898, 0 = -3*r + 4*b + 65021 + 3668. List the prime factors of r.
5, 19, 241
Let u(h) = -4*h + 28. Let q be u(7). Suppose -4*j + 3*j - 3*a + 14 = 0, -j + 5*a + 22 = q. List the prime factors of j*4*20/16.
5, 17
Suppose c - 4*c + 702 = 0. Suppose 156 + c = 5*l. Suppose -2*m + 3*k = m - l, 3*k = -2*m + 37. List the prime factors of m.
23
Let o(b) = -b**3 + 4*b**2 + 2*b - 12. Let h be o(4). Let d(y) = -y**2 - 7*y. Let f be d(h). Suppose f*p = -1174 + 3850. What are the prime factors of p?
223
Let v(t) = 2*t**2 - 9*t + 7. Let x be v(5). Let s be x/54 + 0 + (-734)/(-18). What are the prime factors of -10*10/(-25) + s?
3, 5
Let d(q) = -4*q + 1. Let m be d(4). Let c(n) = -n - 12. Let r be c(m). What are the prime factors of (r/2)/((-1)/188*-3)?
2, 47
Suppose 0 = 3*r + 15, 2*g - 5*r + 28 = 69. Let a(b) = 7*b - 5. Let s(x) = -14*x + 8. Let n(o) = -5*a(o) - 3*s(o). What are the prime factors of n(g)?
3, 19
Let b(f) = f**3 - 12*f**2 + 4*f + 106. Let c be b(11). Let x = c + 193. List the prime factors of x.
2, 3, 37
Suppose -u - 391 - 238 = -3*n, u + 650 = -4*n. What are the prime factors of 387/11 - (-116)/u?
5, 7
Let m = 547 - 16. Let f = 1312 - m. What are the prime factors of f?
11, 71
Suppose 13*f = -5*f + 54. Suppose f*j - 949 = -2*d + 330, 870 = 2*j - 3*d. List the prime factors of j.
3, 11, 13
What are the prime factors of 3 - -9931 - (-71 + 71)?
2, 4967
Let q(d) = 12 + 18*d + 22*d - 41*d. Let g be q(8). Suppose -5*y - 3*s + 21 + 9 = 0, -y + g*s + 6 = 0. What are the prime factors of y?
2, 3
Let r(l) = -l**3 - l**2 + l + 8. Let f be r(-4). Let j = 56 - f. Suppose 600 = j*v + v. What are the prime factors of v?
2, 3, 5
Let m(a) = 22*a**3 + 6*a**2 + 62*a - 354. What are the prime factors of m(7)?
2, 3, 5, 11
Suppose 0 = 75*y - 60*y - 57330. What are the prime factors of y?
2, 3, 7, 13
Suppose -5*i - 1599 = -2*k, 0 = -5*k + 2*i + 1787 + 2158. What are the prime factors of k?
787
Suppose -2857*h - 178056 = -2893*h. List the prime factors of h.
2, 2473
Suppose -l + 4*w = 6*w + 2, -2*w + 6 = 2*l. What are the prime factors of ((-1)/(-5) + 1)/(l/2140)?
3, 107
Let r(t) = 236*t**2 + 41*t - 95. What are the prime factors of r(5)?
2, 5, 601
Let m be -5 + 3197/(-4) + 11/44. Let j = m + 1252. What are the prime factors of j?
2, 7
Let p = 176 + -260. Let f = p - -69. What are the prime factors of (-3)/(((-5)/f)/((-22)/6))?
3, 11
Suppose 0 = -7*m - 75 - 23. Let t be 29/(-2)*(-18 - m). Suppose 5*h + t = 6*h. List the prime factors of h.
2, 29
Suppose 0 = 3*c - 5*b - 91654, 1319*c - 2*b - 61112 = 1317*c. List the prime factors of c.
13, 2351
Let o(v) = 19*v**2 + 63*v - 1781. What are the prime factors of o(37)?
26561
List the prime factors of (2436/522)/(-1 - (-5986)/5982).
7, 997
Let b(k) = 4*k**2 - 48 + 2*k**3 + 20 + 25 - 26*k. What are the prime factors of b(6)?
3, 139
Let s be 5/((-30)/24) - (-3)/(-3). What are the prime factors of (s + 384)/1 - (1 - -1)?
13, 29
Let k = 2918 - 912. Suppose 5*m + 2*b = k, 2*m = 4*b + 403 + 409. List the prime factors of m.
2, 3, 67
Let c(y) = 21*y**2 - 27*y - 64. What are the prime factors of c(24)?
2, 1423
Suppose 5*q = -p + 22280, 6*q - 11*q + 22280 = -4*p. What are the prime factors of (-88)/308 - q/(-14)?
2, 3, 53
Let c be (-2)/(-4)*(9/(-3) - -3). Suppose c = -0*r + 2*r + 120. Let b = r - -83. List the prime factors of b.
23
Let m(w) = -2*w**2 + 6*w + 5. Let u be m(3). What are the prime factors of (-5)/u*1*-592?
2, 37
Suppose 0 = 10*k - 9852 - 24038. What are the prime factors of k?
3389
Suppose 29 - 14 = 5*n - l, 2*l + 10 = 0. Suppose n*j = -3